 4, what is -11111012 + 112300?
-10332112
In base 9, what is -5 + 640014070?
640014064
In base 11, what is -36722 + 130?
-365a2
In base 6, what is -1030545514 - -30?
-1030545444
In base 14, what is -13 - 2bc9cb8?
-2bc9ccb
In base 13, what is -1936 + 16051?
14418
In base 11, what is 38 + 42840?
42878
In base 6, what is 42141 - 1142?
40555
In base 16, what is -94b6fd + 3?
-94b6fa
In base 5, what is -2112233 + -34320?
-2202103
In base 7, what is 166 + 322256?
322455
In base 5, what is 4 - -440423244?
440423303
In base 9, what is -6872381 + 0?
-6872381
In base 11, what is 1 - 49100643?
-49100642
In base 14, what is -a55 + -12291?
-12d06
In base 5, what is 222140 + -113300?
103340
In base 10, what is -411 - 11119?
-11530
In base 5, what is -22131241223 + -1?
-22131241224
In base 11, what is 1a - 1689867?
-1689848
In base 7, what is 1154210501 - -5?
1154210506
In base 15, what is -3370c9 + d?
-3370bb
In base 8, what is 32136703 - 7?
32136674
In base 4, what is 31023130111 + 321?
31023131032
In base 13, what is 17 - 913709?
-9136c2
In base 10, what is 689553 - 476?
689077
In base 5, what is 2111323130 - -4?
2111323134
In base 6, what is -222032401213 - 3?
-222032401220
In base 10, what is 30 + 156059?
156089
In base 13, what is -395c2670 - -1?
-395c266c
In base 14, what is -2 + 22d1d?
22d1b
In base 16, what is -8cc06 + -b?
-8cc11
In base 11, what is -97086 + 1299?
-95898
In base 6, what is -120 + 4025312054?
4025311534
In base 11, what is 29240 - 3217?
26024
In base 10, what is -1 + 6739098?
6739097
In base 12, what is 12b03b - 257?
12a9a4
In base 5, what is -323124 - -102402?
-220222
In base 4, what is -2323123222 + -10?
-2323123232
In base 10, what is 55093 - 263?
54830
In base 11, what is -4979800 + -6?
-4979806
In base 16, what is 3d83 - -45c?
41df
In base 9, what is -205570 + 256?
-205313
In base 2, what is -101100000111010001000101 - -100?
-101100000111010001000001
In base 7, what is 240212 + -3121?
234061
In base 15, what is 2 - -89e232a?
89e232c
In base 16, what is -4d412a0 - 5?
-4d412a5
In base 9, what is -5 - 1543858?
-1543864
In base 5, what is -2 - -4204131040?
4204131033
In base 14, what is 8b + -48b6d?
-48ac2
In base 5, what is -233144133 + -211?
-233144344
In base 15, what is -43663e + 7?
-436637
In base 3, what is -12 + 10121200102102111?
10121200102102022
In base 5, what is -2312 + 14440201?
14432334
In base 5, what is -11 - 3432433431?
-3432433442
In base 13, what is 19 + -29222?
-29206
In base 14, what is -3ab24c + 10c?
-3ab140
In base 14, what is -26 + -9587a4?
-9587ca
In base 3, what is 11 - -110102010000212?
110102010001000
In base 8, what is 2175176 - -655?
2176053
In base 2, what is 10001011101101 - -11010101111?
10100110011100
In base 16, what is -18 - -f2283?
f226b
In base 12, what is -2 + -8a85081?
-8a85083
In base 6, what is 1234433 - -320?
1235153
In base 14, what is 7da400 + 3?
7da403
In base 2, what is 11 + 101001010111111011011?
101001010111111011110
In base 4, what is 0 - 3100202100322?
-3100202100322
In base 16, what is -4127d5 - -4?
-4127d1
In base 4, what is 2 + 23231222?
23231230
In base 14, what is 172 + 8b9d?
8d31
In base 14, what is -2495678 + -5?
-249567d
In base 13, what is 2 + -2c6673?
-2c6671
In base 16, what is 4736446 - -1?
4736447
In base 15, what is 6 + -11164a?
-111644
In base 16, what is -2bbd + 2425?
-798
In base 12, what is -54 + 9462?
940a
In base 14, what is 7 - -2115793?
211579a
In base 12, what is -6174288 + -5?
-6174291
In base 3, what is 100 + -1101120120012?
-1101120112212
In base 16, what is 824d70 + -9?
824d67
In base 9, what is -77 - 2166816?
-2167004
In base 15, what is a0e83a + b5?
a0e900
In base 6, what is 143251 + 515?
144210
In base 15, what is -2832e0 - 55?
-283345
In base 10, what is 9810962 + -1?
9810961
In base 11, what is 54 - 513212?
-513169
In base 6, what is -21101 + -341?
-21442
In base 15, what is 1 - 33c1aa?
-33c1a9
In base 10, what is -160856 - 177?
-161033
In base 6, what is 52352522540 - 4?
52352522532
In base 5, what is -222304011124 + -3?
-222304011132
In base 15, what is 6c398 - 3c?
6c35b
In base 16, what is b65b1 - 27f?
b6332
In base 11, what is -10a45959 - -72?
-10a45897
In base 12, what is 3 - -85637ab?
85637b2
In base 4, what is -11 - 111320322300?
-111320322311
In base 3, what is -12021210000012201 + -1?
-12021210000012202
In base 4, what is -10210200003133 + -1?
-10210200003200
In base 9, what is -254 + -3217137?
-3217402
In base 10, what is -2458569 - -95?
-2458474
In base 12, what is 6 - 9567a02?
-95679b8
In base 15, what is 6 + -139d52?
-139d4b
In base 3, what is -22 + 11110021201111?
11110021201012
In base 12, what is -431 + 76?
-377
In base 4, what is 131 + 1022010210?
1022011001
In base 11, what is -34a0367 - 2?
-34a0369
In base 14, what is b037 - -29d?
b2d6
In base 4, what is 333231 - -1233303?
2233200
In base 9, what is 5480 - 64?
5415
In base 5, what is 1324 - 10212200?
-10210321
In base 10, what is -471 + 555740?
555269
In base 2, what is -111011011000001011101011101 - 1000?
-111011011000001011101100101
In base 12, what is 11b02a26 - 0?
11b02a26
In base 13, what is 3 + -5614867?
-5614864
In base 7, what is -121452 + 2141?
-116311
In base 16, what is 4b00 + 78a?
528a
In base 11, what is -1124994 - 6?
-112499a
In base 3, what is -2202000 - 100201001?
-110110001
In base 9, what is -83 - -212836?
212743
In base 15, what is 118b6a5 - -19?
118b6be
In base 3, what is 11112000 + -11200000211?
-11111111211
In base 8, what is 1065 - -417006?
420073
In base 4, what is 21 + 3233231323321?
3233231330002
In base 9, what is -1505204 - 227?
-1505432
In base 13, what is 42a8c04 - -41?
42a8c45
In base 8, what is 1 + -31271702?
-31271701
In base 6, what is -2 + 334352205?
334352203
In base 3, what is -12 + 1200222210222221?
1200222210222202
In base 11, what is 88 + 157187?
157264
In base 9, what is 127 + -1212486?
-1212358
In base 8, what is -335536713 - 0?
-335536713
In base 14, what is -30 - 6ac962?
-6ac992
In base 8, what is -7256066 - 16?
-7256104
In base 9, what is 14803385 - -16?
14803412
In base 5, what is 402320 + 41310?
444130
In base 16, what is -55219 + -15?
-5522e
In base 10, what is -7 + 1783126?
1783119
In base 4, what is 1211331303021 - -10?
1211331303031
In base 3, what is -110100022 + -102010?
-110202102
In base 12, what is -a95 - b157?
-10030
In base 8, what is -1 + -725245400?
-725245401
In base 10, what is 9743538 - -3?
9743541
In base 11, what is -6800 - -108?
-66a3
In base 6, what is -4400403 + -105?
-4400512
In base 5, what is 14224212110 - 0?
14224212110
In base 8, what is -170753 + -274?
-171247
In base 5, what is 3 - -304331110332?
304331110340
In base 7, what is -4532666 + 3?
-4532663
In base 8, what is 2306 + -60603?
-56275
In base 6, what is 2123 + 155544?
202111
In base 8, what is -155565325 + 5?
-155565320
In base 11, what is 359a48 + 1?
359a49
In base 14, what is 105d227 - -3?
105d22a
In base 8, what is -1342103027 - 4?
-1342103033
In base 3, what is 1000220201201012 + -1?
1000220201201011
In base 9, what is 0 - -138853?
138853
In base 11, what is -110490771 - 1?
-110490772
In base 16, what is -3 - 73ae2d?
-73ae30
In base 5, what is 1310231314 - 11?
1310231303
In base 2, what is 1100000000101101001 - 10010?
1100000000101010111
In base 8, what is -60057114 - -15?
-60057077
In base 7, what is 6443 + 514614?
524360
In base 13, what is 3 - -1307400?
1307403
In base 6, what is -125 - -14221034?
14220505
In base 8, what is -36451674 + -17?
-36451713
In base 12, what is -7716 + 1362?
-6374
In base 10, what is -9 - 5008945?
-5008954
In base 5, what is -3243 + -121420440?
-121424233
In base 11, what is -200 + 684236?
684036
In base 3, what is 0 - 2201011002110110?
-2201011002110110
In base 15, what is 3 + 99534?
99537
In base 6, what is 2 + -1105323014?
-1105323012
In base 6, what is 4335520 + -2?
4335514
In base 2, what is 1100000110 + -10110111001111?
-10101011001001
In base 11, what is 3a1677 + 474?
3a2040
In base 12, what is 3a6409 - -4?
3a6411
In base 9, what is -10815117 + 108?
-10815008
In base 14, what is 1878 - a30d?
-8875
In base 9, what is -23 + 68641?
68617
In base 10, what is -5 - 48160715?
-48160720
In base 9, what is 0 - 13436550?
-13436550
In base 10, what is 4 - -4330666?
4330670
In base 12, what is 2ba596 + 433?
2baa09
In bas